5 a prime number?
False
Is 857159 prime?
False
Is 28140467 composite?
True
Is 14936035 a prime number?
False
Is 10586165 prime?
False
Is 92346689 composite?
False
Is 51193 prime?
True
Is 570695107 composite?
False
Is 22398599 prime?
False
Is 61036769 composite?
True
Is 3974407 a composite number?
True
Is 127599847 a composite number?
False
Is 642029 a prime number?
False
Is 22114541 a composite number?
False
Is 7831787 prime?
False
Is 90789251 a prime number?
False
Is 170699 prime?
False
Is 108015013 a prime number?
True
Is 858217 a composite number?
False
Is 3287719 composite?
False
Is 412123 prime?
True
Is 3182973 a prime number?
False
Is 233756173 prime?
False
Is 2187149 composite?
False
Is 43127731 a composite number?
False
Is 18125591 prime?
False
Is 11668663 prime?
False
Is 6225041 composite?
True
Is 18370049 a composite number?
False
Is 94944673 prime?
True
Is 72030199 prime?
True
Is 13566971 a prime number?
False
Is 182722461 a composite number?
True
Is 19013147 composite?
False
Is 190323359 prime?
True
Is 90941 composite?
True
Is 205999949 prime?
False
Is 2044937 a composite number?
False
Is 2948411 composite?
False
Is 22785181 a prime number?
True
Is 26738333 composite?
True
Is 72557489 a composite number?
False
Is 276344011 composite?
True
Is 44392499 a prime number?
True
Is 5684353 a prime number?
True
Is 124577 composite?
False
Is 2296351 a prime number?
True
Is 35737 composite?
True
Is 14256797 a composite number?
False
Is 37318007 a prime number?
True
Is 85656391 a prime number?
True
Is 14797583 a composite number?
False
Is 246965911 composite?
True
Is 31895309 composite?
True
Is 178262365 composite?
True
Is 21239173 a composite number?
False
Is 587941 a prime number?
False
Is 52303486 a composite number?
True
Is 496733 a composite number?
False
Is 1699349 a prime number?
True
Is 397253 a composite number?
False
Is 30747109 composite?
True
Is 17249143 a composite number?
True
Is 6520727 prime?
True
Is 2416585 a composite number?
True
Is 227771 prime?
False
Is 123328529 prime?
True
Is 565733 prime?
False
Is 85107131 composite?
False
Is 45287831 a prime number?
True
Is 359551282 a composite number?
True
Is 745253 composite?
True
Is 1448387 a composite number?
False
Is 54710503 a prime number?
True
Is 275252003 composite?
True
Is 359110811 prime?
False
Is 152835871 composite?
True
Is 4936033 composite?
False
Is 5368559 prime?
False
Is 214895261 composite?
True
Is 253134971 composite?
True
Is 44746709 prime?
False
Is 8779993 composite?
False
Is 5413277 prime?
True
Is 1491079 a prime number?
True
Is 1233949 a composite number?
False
Is 56377837 a composite number?
True
Is 78660151 prime?
False
Is 233311303 a prime number?
False
Is 1216189 a prime number?
False
Is 25963349 a prime number?
True
Is 6314341 composite?
True
Is 361788771 prime?
False
Is 10327651 prime?
True
Is 2527331 a prime number?
False
Is 83482681 prime?
True
Is 1685507 a prime number?
False
Is 105401693 a composite number?
True
Is 4793663 composite?
True
Is 106921897 a composite number?
True
Is 97016951 prime?
False
Is 188058859 composite?
False
Is 130597143 prime?
False
Is 14721797 prime?
False
Is 286551781 a prime number?
True
Is 112571623 a prime number?
True
Is 1999355 composite?
True
Is 32909 composite?
False
Is 168542383 a prime number?
True
Is 1544821 a composite number?
True
Is 22027861 a composite number?
False
Is 59465407 composite?
False
Is 11239841 a composite number?
False
Is 19127793 composite?
True
Is 22607653 a composite number?
False
Is 301723 a prime number?
False
Is 419149097 composite?
False
Is 116684331 a prime number?
False
Is 50469547 a prime number?
True
Is 2495279 prime?
True
Is 1475813 a composite number?
False
Is 2998613 a composite number?
True
Is 155979919 composite?
True
Is 484927 a composite number?
False
Is 9260071 composite?
False
Is 3267217 prime?
True
Is 7342337 a composite number?
True
Is 186400913 a composite number?
True
Is 452989217 composite?
False
Is 5300279 composite?
False
Is 3096779 a composite number?
True
Is 15412547 composite?
True
Is 7931419 prime?
False
Is 124031927 composite?
True
Is 4352269 prime?
True
Is 150819 prime?
False
Is 113254481 composite?
True
Is 42924549 composite?
True
Is 98378729 a prime number?
False
Is 82730341 a prime number?
True
Is 12239471 a prime number?
False
Is 9279601 a composite number?
False
Is 104579 a prime number?
True
Is 14913397 composite?
False
Is 9001361 composite?
True
Is 30474295 prime?
False
Is 144269 composite?
True
Is 2419657 composite?
True
Is 1172867 prime?
True
Is 506071 a prime number?
True
Is 679871 prime?
False
Is 89199499 composite?
False
Is 1250283 prime?
False
Is 57235219 prime?
False
Is 2830453 a composite number?
True
Is 56694073 a prime number?
False
Is 2746471307 a composite number?
False
Is 17253781 a composite number?
True
Is 167593 a prime number?
True
Is 2382671 a composite number?
False
Is 865043 a composite number?
False
Is 16442089 prime?
False
Is 49847023 a composite number?
False
Is 9188237 a prime number?
False
Is 23862091 a prime number?
False
Is 15902437 a composite number?
True
Is 1912019 composite?
False
Is 2173571 a composite number?
False
Is 1186357 prime?
False
Is 159858407 a prime number?
True
Is 84026323 a composite number?
True
Is 2935865 composite?
True
Is 512959 a composite number?
False
Is 6249767 a composite number?
True
Is 95243107 a prime number?
True
Is 204365103 a composite number?
True
Is 895429113 prime?
False
Is 7140151 composite?
True
Is 14366629 a composite number?
True
Is 2743931 prime?
True
Is 15838453 composite?
False
Is 986047 a composite number?
False
Is 2701709 a composite number?
False
Is 37330987 a prime number?
False
Is 380473 composite?
True
Is 10359197 composite?
False
Is 90874193 prime?
True
Is 17212201 prime?
True
Is 358373819 prime?
True
Is 1761923 a composite number?
True
Is 194934559 a composite number?
False
Is 26502941 composite?
False
Is 1339259 a prime number?
True
Is 1488079 a prime number?
False
Is 2692711 a prime number?
False
Is 3621383 a prime number?
False
Is 10519469 prime?
False
Is 7962551 composite?
False
Is 118861619 prime?
True
Is 2631985 a prime number?
False
Is 40643321 prime?
True
Is 99183503 composite?
True
Is 34907 a composite number?
True
Is 19209353 prime?
False
Is 56070073 composite?
False
Is 1764775679 a composite number?
False
Is 5776679 composite?
False
Is 45439477 prime?
True
Is 15262658 a composite number?
True
Is 25068331 composite?
False
Is 1948267 composite?
False
Is 3523717 a prime number?
False
Is 25348601 a prime number?
False
Is 20783251 a prime number?
False
Is 5630129 composite?
False
Is 23025409 a composite number?
True
Is 43415051 composite?
False
Is 57489569 composite?
True
Is 8340565 prime?
False
Is 271315367 a composite number?
False
Is 17069669 a composite number?
False
Is 10155863 prime?
True
Is 295937 prime?
True
Is 75624481 prime?
False
Is 690073 a composite number?
False
Is 62541041 a prime number?
False
Is 1351846 a composite number?
True
Is 118377421 prime?
True
Is 25254751 composite?
False
Is 26045381 a prime number?
True
Is 7241629 a prime number?
False
Is 5754709 composite?
False
Is 53718407 a composite number?
False
Is 751785857 a prime number?
True
Is 9833959 composite?
True
Is 1890661 a prime number?
False
Is 4664869 prime?
False
Is 3650371 a prime number?
False
Is 224934887 composite?
True
Is 101222543 a composite number?
False
Is 10684171 composite?
False
Is 517277 a prime number?
True
Is 84712171 a composite number?
False
Is 435543629 a composite number?
False
Is 34028209 a composite number?
False
Is 374029 prime?
True
Is 7372481 composite?
False
Is 57307 prime?
False
Is 2847389 a prime number?
True
Is 31034509 a composite number?
True
Is 2516773 prime?
False
Is 152928133 a composite number?
False
Is 1003638301 prime?
True
Is 19947019 composite?
False
Is 7383991 a prime number?
False
Is 3475729 composite?
True
Is 6247387 a prime number?
True
Is 246134986 prime?
False
Is 6697241 a composite number?
False
Is 921957287 prime?
True
Is 41729041 prime?
True
Is 387604493 a prime number?
True
Is 20056423 a composite number?
False
Is 1248211 a prime number?
True
Is 87805882 prime?
False
Is 33873403 prime?
False
Is 772397 composite?
True
Is 1428289 composite?
True
Is 1